{"id":318,"date":"2023-05-19T14:34:49","date_gmt":"2023-05-19T14:34:49","guid":{"rendered":"https:\/\/crew.worldphotographiccup.org\/france\/?page_id=318"},"modified":"2023-06-05T13:04:26","modified_gmt":"2023-06-05T13:04:26","slug":"hello-to","status":"publish","type":"page","link":"https:\/\/crew.worldphotographiccup.org\/france\/","title":{"rendered":""},"content":{"rendered":"\n<div class=\"wp-block-cover has-parallax\"><span aria-hidden=\"true\" class=\"wp-block-cover__background has-background-dim-0 has-background-dim\"><\/span><div role=\"img\" class=\"wp-block-cover__image-background wp-image-472 has-parallax\" style=\"background-position:50% 50%;background-image:url(https:\/\/crew.worldphotographiccup.org\/france\/wp-content\/uploads\/sites\/17\/2023\/06\/01_2042_23752_stephane-audran_150-scaled.jpg)\"><\/div><div class=\"wp-block-cover__inner-container is-layout-flow wp-block-cover-is-layout-flow\">\n<h2 class=\"wp-block-heading has-text-align-center has-xx-large-font-size\"><\/h2>\n\n\n\n<h1 class=\"wp-block-heading has-text-align-center has-xx-large-font-size\"><\/h1>\n\n\n\n<p class=\"has-text-align-right\">\u00a9 Stephane Audran, France<\/p>\n<\/div><\/div>\n\n\n\n<div class=\"wp-block-group is-layout-flow wp-block-group-is-layout-flow\" style=\"padding-top:30px;padding-right:30px;padding-bottom:30px;padding-left:30px\">\n<div class=\"wp-block-columns is-layout-flex wp-container-core-columns-is-layout-28f84493 wp-block-columns-is-layout-flex\">\n<div class=\"wp-block-column is-layout-flow wp-block-column-is-layout-flow\" style=\"flex-basis:50%\">\n<div class=\"wp-block-query is-layout-flow wp-block-query-is-layout-flow\"><ul class=\"wp-block-post-template is-layout-flow wp-block-post-template-is-layout-flow\"><li class=\"wp-block-post post-450 post type-post status-publish format-standard has-post-thumbnail hentry category-14 category-news category-uncategorized\">\n<figure class=\"wp-block-post-featured-image\"><img loading=\"lazy\" decoding=\"async\" width=\"2560\" height=\"1704\" src=\"https:\/\/crew.worldphotographiccup.org\/france\/wp-content\/uploads\/sites\/17\/2023\/06\/03_1945_23321_jouaux_744-scaled.jpg\" class=\"attachment-post-thumbnail size-post-thumbnail wp-post-image\" alt=\"\" style=\"object-fit:cover;\" srcset=\"https:\/\/crew.worldphotographiccup.org\/france\/wp-content\/uploads\/sites\/17\/2023\/06\/03_1945_23321_jouaux_744-scaled.jpg 2560w, https:\/\/crew.worldphotographiccup.org\/france\/wp-content\/uploads\/sites\/17\/2023\/06\/03_1945_23321_jouaux_744-300x200.jpg 300w, https:\/\/crew.worldphotographiccup.org\/france\/wp-content\/uploads\/sites\/17\/2023\/06\/03_1945_23321_jouaux_744-768x511.jpg 768w, https:\/\/crew.worldphotographiccup.org\/france\/wp-content\/uploads\/sites\/17\/2023\/06\/03_1945_23321_jouaux_744-1536x1022.jpg 1536w, https:\/\/crew.worldphotographiccup.org\/france\/wp-content\/uploads\/sites\/17\/2023\/06\/03_1945_23321_jouaux_744-2048x1363.jpg 2048w\" sizes=\"auto, (max-width: 2560px) 100vw, 2560px\" \/><\/figure>\n\n<h1 class=\"wp-block-post-title has-large-font-size\">L&#8217;actualit\u00e9<\/h1>\n\n<div class=\"wp-block-post-excerpt\"><p class=\"wp-block-post-excerpt__excerpt\">\u00a9 Jules Jouaux, France WPC 2024 Les inscriptions sont lanc\u00e9es Le concours est ouvert \u00e0 tous les photographes professionnels,&nbsp;adh\u00e9rents ou non \u00e0 la FFPMI. Ce concours est\u00a0totalement gratuit, il suffit de vous cr\u00e9er un compte sur le site de la FFPMI et de charger vos images. En 2022 la coupe du Monde est revenue au<\/p><p class=\"wp-block-post-excerpt__more-text\"><a class=\"wp-block-post-excerpt__more-link\" href=\"https:\/\/crew.worldphotographiccup.org\/france\/blog\/2023\/06\/01\/news-2\/\">Read more &#8230;<\/a><\/p><\/div>\n\n<div class=\"wp-block-post-date\"><time datetime=\"2023-06-01T12:50:31+00:00\">June 1, 2023<\/time><\/div>\n\n\n<div style=\"height:200px\" aria-hidden=\"true\" class=\"wp-block-spacer\"><\/div>\n\n<\/li><li class=\"wp-block-post post-197 post type-post status-publish format-standard has-post-thumbnail hentry category-14 category-news category-uncategorized\">\n<figure class=\"wp-block-post-featured-image\"><img loading=\"lazy\" decoding=\"async\" width=\"2560\" height=\"1707\" src=\"https:\/\/crew.worldphotographiccup.org\/france\/wp-content\/uploads\/sites\/17\/2023\/05\/01_2073_23905_franck-lecrenay_146-scaled.jpg\" class=\"attachment-post-thumbnail size-post-thumbnail wp-post-image\" alt=\"\" style=\"object-fit:cover;\" srcset=\"https:\/\/crew.worldphotographiccup.org\/france\/wp-content\/uploads\/sites\/17\/2023\/05\/01_2073_23905_franck-lecrenay_146-scaled.jpg 2560w, https:\/\/crew.worldphotographiccup.org\/france\/wp-content\/uploads\/sites\/17\/2023\/05\/01_2073_23905_franck-lecrenay_146-300x200.jpg 300w, https:\/\/crew.worldphotographiccup.org\/france\/wp-content\/uploads\/sites\/17\/2023\/05\/01_2073_23905_franck-lecrenay_146-768x512.jpg 768w, https:\/\/crew.worldphotographiccup.org\/france\/wp-content\/uploads\/sites\/17\/2023\/05\/01_2073_23905_franck-lecrenay_146-1536x1024.jpg 1536w, https:\/\/crew.worldphotographiccup.org\/france\/wp-content\/uploads\/sites\/17\/2023\/05\/01_2073_23905_franck-lecrenay_146-2048x1366.jpg 2048w\" sizes=\"auto, (max-width: 2560px) 100vw, 2560px\" \/><\/figure>\n\n<h1 class=\"wp-block-post-title has-large-font-size\">Result 2024<\/h1>\n\n<div class=\"wp-block-post-excerpt\"><p class=\"wp-block-post-excerpt__excerpt\">\u00a9 Franck Lecrenay, France<\/p><p class=\"wp-block-post-excerpt__more-text\"><a class=\"wp-block-post-excerpt__more-link\" href=\"https:\/\/crew.worldphotographiccup.org\/france\/blog\/2023\/05\/17\/result-2024\/\">Read more &#8230;<\/a><\/p><\/div>\n\n<div class=\"wp-block-post-date\"><time datetime=\"2023-05-17T20:48:21+00:00\">May 17, 2023<\/time><\/div>\n\n\n<div style=\"height:200px\" aria-hidden=\"true\" class=\"wp-block-spacer\"><\/div>\n\n<\/li><\/ul><\/div>\n<\/div>\n\n\n\n<div class=\"wp-block-column is-layout-flow wp-block-column-is-layout-flow\" style=\"flex-basis:50%\">\n<div class=\"wp-block-query is-layout-flow wp-block-query-is-layout-flow\"><ul class=\"wp-block-post-template is-layout-flow wp-block-post-template-is-layout-flow\"><li class=\"wp-block-post post-186 post type-post status-publish format-standard has-post-thumbnail hentry category-14 category-news category-uncategorized\">\n\n<div style=\"height:200px\" aria-hidden=\"true\" class=\"wp-block-spacer\"><\/div>\n\n\n<figure class=\"wp-block-post-featured-image\"><img loading=\"lazy\" decoding=\"async\" width=\"2560\" height=\"1707\" src=\"https:\/\/crew.worldphotographiccup.org\/france\/wp-content\/uploads\/sites\/17\/2023\/05\/01_2189_24504_patrick-lombaert_1081-scaled.jpg\" class=\"attachment-post-thumbnail size-post-thumbnail wp-post-image\" alt=\"\" style=\"object-fit:cover;\" srcset=\"https:\/\/crew.worldphotographiccup.org\/france\/wp-content\/uploads\/sites\/17\/2023\/05\/01_2189_24504_patrick-lombaert_1081-scaled.jpg 2560w, https:\/\/crew.worldphotographiccup.org\/france\/wp-content\/uploads\/sites\/17\/2023\/05\/01_2189_24504_patrick-lombaert_1081-300x200.jpg 300w, https:\/\/crew.worldphotographiccup.org\/france\/wp-content\/uploads\/sites\/17\/2023\/05\/01_2189_24504_patrick-lombaert_1081-768x512.jpg 768w, https:\/\/crew.worldphotographiccup.org\/france\/wp-content\/uploads\/sites\/17\/2023\/05\/01_2189_24504_patrick-lombaert_1081-1536x1024.jpg 1536w, https:\/\/crew.worldphotographiccup.org\/france\/wp-content\/uploads\/sites\/17\/2023\/05\/01_2189_24504_patrick-lombaert_1081-2048x1366.jpg 2048w\" sizes=\"auto, (max-width: 2560px) 100vw, 2560px\" \/><\/figure>\n\n<h1 class=\"wp-block-post-title has-large-font-size\">L&#8217;actualit\u00e9<\/h1>\n\n<div class=\"wp-block-post-excerpt\"><p class=\"wp-block-post-excerpt__excerpt\">\u00a9 Patrick Lombaert, France La WPC La coupe du monde de la photographie (World Photographic Cup) est une comp\u00e9tition internationale organis\u00e9e depuis 2013 par FEP (F\u00e9d\u00e9ration Europ\u00e9enne de la Photographie) et la PPA (F\u00e9d\u00e9ration des Photographes des Etats-Unis d\u2019Am\u00e9rique). Coupe du monde qui a pour but de f\u00e9d\u00e9rer les photographes du monde entier dans un<\/p><p class=\"wp-block-post-excerpt__more-text\"><a class=\"wp-block-post-excerpt__more-link\" href=\"https:\/\/crew.worldphotographiccup.org\/france\/blog\/2023\/05\/17\/news\/\">Read more&#8230;<\/a><\/p><\/div>\n\n<div class=\"wp-block-post-date\"><time datetime=\"2023-05-17T20:20:06+00:00\">May 17, 2023<\/time><\/div>\n<\/li><li class=\"wp-block-post post-176 post type-post status-publish format-standard has-post-thumbnail hentry category-14 category-news category-uncategorized\">\n\n<div style=\"height:200px\" aria-hidden=\"true\" class=\"wp-block-spacer\"><\/div>\n\n\n<figure class=\"wp-block-post-featured-image\"><img loading=\"lazy\" decoding=\"async\" width=\"2560\" height=\"1707\" src=\"https:\/\/crew.worldphotographiccup.org\/france\/wp-content\/uploads\/sites\/17\/2023\/05\/02_1892_23113Michael_bouton_2391-scaled.jpg\" class=\"attachment-post-thumbnail size-post-thumbnail wp-post-image\" alt=\"\" style=\"object-fit:cover;\" srcset=\"https:\/\/crew.worldphotographiccup.org\/france\/wp-content\/uploads\/sites\/17\/2023\/05\/02_1892_23113Michael_bouton_2391-scaled.jpg 2560w, https:\/\/crew.worldphotographiccup.org\/france\/wp-content\/uploads\/sites\/17\/2023\/05\/02_1892_23113Michael_bouton_2391-300x200.jpg 300w, https:\/\/crew.worldphotographiccup.org\/france\/wp-content\/uploads\/sites\/17\/2023\/05\/02_1892_23113Michael_bouton_2391-768x512.jpg 768w, https:\/\/crew.worldphotographiccup.org\/france\/wp-content\/uploads\/sites\/17\/2023\/05\/02_1892_23113Michael_bouton_2391-1536x1024.jpg 1536w, https:\/\/crew.worldphotographiccup.org\/france\/wp-content\/uploads\/sites\/17\/2023\/05\/02_1892_23113Michael_bouton_2391-2048x1366.jpg 2048w\" sizes=\"auto, (max-width: 2560px) 100vw, 2560px\" \/><\/figure>\n\n<h1 class=\"wp-block-post-title has-large-font-size\">Membres de l&#8217;\u00c9quipe de France  2023<\/h1>\n\n<div class=\"wp-block-post-excerpt\"><p class=\"wp-block-post-excerpt__excerpt\">\u00a9Michael Bouton, France Categories Photographe Contact Commercial Peter Lippmann mail&#8230;.. Commercial Stephane Audran Commercial Sarah Morvan Vessely Art Digital\/ Illustration Franck Lecrenay Art Digital\/ Illustration Sarah Scaniglia Art Digital\/ Illustration Peter Lippmann Mariage Patrick Lombaert Mariage Michael bouton Mariage Gaelle Poupon Photojournalisme Sylvain Thiollier Photojournalisme Virginie Bouyer Photojournalisme Christophe Battifero Portrait Naturel Laurence Papoutchian Portrait<\/p><p class=\"wp-block-post-excerpt__more-text\"><a class=\"wp-block-post-excerpt__more-link\" href=\"https:\/\/crew.worldphotographiccup.org\/france\/blog\/2023\/05\/17\/team-country-2024\/\">Read more&#8230;<\/a><\/p><\/div>\n\n<div class=\"wp-block-post-date\"><time datetime=\"2023-05-17T19:50:22+00:00\">May 17, 2023<\/time><\/div>\n<\/li><\/ul><\/div>\n<\/div>\n<\/div>\n<\/div>\n","protected":false},"excerpt":{"rendered":"","protected":false},"author":1,"featured_media":0,"parent":0,"menu_order":0,"comment_status":"closed","ping_status":"closed","template":"","meta":{"ngg_post_thumbnail":0,"_themeisle_gutenberg_block_has_review":false,"footnotes":""},"class_list":["post-318","page","type-page","status-publish","hentry"],"yoast_head":"<!-- This site is optimized with the Yoast SEO plugin v27.4 - https:\/\/yoast.com\/product\/yoast-seo-wordpress\/ -->\n<title>- WPC Team FRANCE<\/title>\n<meta name=\"robots\" content=\"index, follow, max-snippet:-1, max-image-preview:large, max-video-preview:-1\" \/>\n<link rel=\"canonical\" href=\"https:\/\/crew.worldphotographiccup.org\/france\/\" \/>\n<meta property=\"og:locale\" content=\"en_US\" \/>\n<meta property=\"og:type\" content=\"article\" \/>\n<meta property=\"og:title\" content=\"- WPC Team FRANCE\" \/>\n<meta property=\"og:url\" content=\"https:\/\/crew.worldphotographiccup.org\/france\/\" \/>\n<meta property=\"og:site_name\" content=\"WPC Team FRANCE\" \/>\n<meta property=\"article:modified_time\" content=\"2023-06-05T13:04:26+00:00\" \/>\n<meta name=\"twitter:card\" content=\"summary_large_image\" \/>\n<meta name=\"twitter:label1\" content=\"Est. reading time\" \/>\n\t<meta name=\"twitter:data1\" content=\"1 minute\" \/>\n<script type=\"application\/ld+json\" class=\"yoast-schema-graph\">{\"@context\":\"https:\\\/\\\/schema.org\",\"@graph\":[{\"@type\":\"WebPage\",\"@id\":\"https:\\\/\\\/crew.worldphotographiccup.org\\\/france\\\/\",\"url\":\"https:\\\/\\\/crew.worldphotographiccup.org\\\/france\\\/\",\"name\":\"- WPC Team FRANCE\",\"isPartOf\":{\"@id\":\"https:\\\/\\\/crew.worldphotographiccup.org\\\/france\\\/#website\"},\"datePublished\":\"2023-05-19T14:34:49+00:00\",\"dateModified\":\"2023-06-05T13:04:26+00:00\",\"inLanguage\":\"en-US\",\"potentialAction\":[{\"@type\":\"ReadAction\",\"target\":[\"https:\\\/\\\/crew.worldphotographiccup.org\\\/france\\\/\"]}]},{\"@type\":\"WebSite\",\"@id\":\"https:\\\/\\\/crew.worldphotographiccup.org\\\/france\\\/#website\",\"url\":\"https:\\\/\\\/crew.worldphotographiccup.org\\\/france\\\/\",\"name\":\"WPC Team FRANCE\",\"description\":\"Creating Friendships and Uniting Professional Photographers World-Wide\",\"potentialAction\":[{\"@type\":\"SearchAction\",\"target\":{\"@type\":\"EntryPoint\",\"urlTemplate\":\"https:\\\/\\\/crew.worldphotographiccup.org\\\/france\\\/?s={search_term_string}\"},\"query-input\":{\"@type\":\"PropertyValueSpecification\",\"valueRequired\":true,\"valueName\":\"search_term_string\"}}],\"inLanguage\":\"en-US\"}]}<\/script>\n<!-- \/ Yoast SEO plugin. -->","yoast_head_json":{"title":"- WPC Team FRANCE","robots":{"index":"index","follow":"follow","max-snippet":"max-snippet:-1","max-image-preview":"max-image-preview:large","max-video-preview":"max-video-preview:-1"},"canonical":"https:\/\/crew.worldphotographiccup.org\/france\/","og_locale":"en_US","og_type":"article","og_title":"- WPC Team FRANCE","og_url":"https:\/\/crew.worldphotographiccup.org\/france\/","og_site_name":"WPC Team FRANCE","article_modified_time":"2023-06-05T13:04:26+00:00","twitter_card":"summary_large_image","twitter_misc":{"Est. reading time":"1 minute"},"schema":{"@context":"https:\/\/schema.org","@graph":[{"@type":"WebPage","@id":"https:\/\/crew.worldphotographiccup.org\/france\/","url":"https:\/\/crew.worldphotographiccup.org\/france\/","name":"- WPC Team FRANCE","isPartOf":{"@id":"https:\/\/crew.worldphotographiccup.org\/france\/#website"},"datePublished":"2023-05-19T14:34:49+00:00","dateModified":"2023-06-05T13:04:26+00:00","inLanguage":"en-US","potentialAction":[{"@type":"ReadAction","target":["https:\/\/crew.worldphotographiccup.org\/france\/"]}]},{"@type":"WebSite","@id":"https:\/\/crew.worldphotographiccup.org\/france\/#website","url":"https:\/\/crew.worldphotographiccup.org\/france\/","name":"WPC Team FRANCE","description":"Creating Friendships and Uniting Professional Photographers World-Wide","potentialAction":[{"@type":"SearchAction","target":{"@type":"EntryPoint","urlTemplate":"https:\/\/crew.worldphotographiccup.org\/france\/?s={search_term_string}"},"query-input":{"@type":"PropertyValueSpecification","valueRequired":true,"valueName":"search_term_string"}}],"inLanguage":"en-US"}]}},"_links":{"self":[{"href":"https:\/\/crew.worldphotographiccup.org\/france\/wp-json\/wp\/v2\/pages\/318","targetHints":{"allow":["GET"]}}],"collection":[{"href":"https:\/\/crew.worldphotographiccup.org\/france\/wp-json\/wp\/v2\/pages"}],"about":[{"href":"https:\/\/crew.worldphotographiccup.org\/france\/wp-json\/wp\/v2\/types\/page"}],"author":[{"embeddable":true,"href":"https:\/\/crew.worldphotographiccup.org\/france\/wp-json\/wp\/v2\/users\/1"}],"replies":[{"embeddable":true,"href":"https:\/\/crew.worldphotographiccup.org\/france\/wp-json\/wp\/v2\/comments?post=318"}],"version-history":[{"count":2,"href":"https:\/\/crew.worldphotographiccup.org\/france\/wp-json\/wp\/v2\/pages\/318\/revisions"}],"predecessor-version":[{"id":556,"href":"https:\/\/crew.worldphotographiccup.org\/france\/wp-json\/wp\/v2\/pages\/318\/revisions\/556"}],"wp:attachment":[{"href":"https:\/\/crew.worldphotographiccup.org\/france\/wp-json\/wp\/v2\/media?parent=318"}],"curies":[{"name":"wp","href":"https:\/\/api.w.org\/{rel}","templated":true}]}}